s the value of (-1 + 2 - (-3 + -5)) + 17 - 4?
22
Evaluate -22 + (-16 + (-8 - -10) - ((-1 - -12) + -16)).
-31
What is the value of -124 + -73 + 104 + 198?
105
(8 - (4 - 1)) + 25 + -41 + (2 - 57)
-66
Calculate -48 + -13 + 1 + -13 + 3 + 13.
-57
What is (-6672 - -6780) + (-75 - 2)?
31
Evaluate (-24 - -21) + (-12 - (-5 - 7)) - 14.
-17
20 + -13 + (15 - (-11 - 18))
51
What is -173 + 136 - (28 - 27)?
-38
-1 + -62 - (18 - (24 - 34))
-91
Evaluate 113 + -68 - (70 + -2).
-23
What is the value of 92 - (89 - (-35 + 78))?
46
Evaluate 17 - -2 - (48 - (1 + 60)).
32
-62 - -66 - (7 + 7 + -1 + -5 + 20)
-24
-20 - (-8 - (-5 + -38))
-55
Calculate -9 - (-30 + 11) - 26 - -5 - (-15 + 55).
-51
What is the value of -15 - ((-1394 - -1433) + 1 + -13)?
-42
Calculate -4 - (-174 - (-9 - 112)).
49
Calculate -3 + -8 - (-5 - (-34 + 11)).
-29
Evaluate (-20 - -53) + -81 + 84.
36
What is the value of (3691 + -3689 - (-20 - (1 + -1))) + -92?
-70
Calculate ((7 - 1) + -16 - -3) + -12 + 34 + -45.
-30
What is the value of 2 + -11 + -11 + 34 + 0 + -11 + -76?
-73
Evaluate 27 + 19 + (-60 - 17).
-31
What is (9 - 64) + 18 + 57?
20
What is the value of -177 + 78 - (-54 + 83)?
-128
Evaluate 19 + (-21 - (-31 - 12)) - (3 + -10).
48
What is the value of 109 - 178 - 24 - -81?
-12
-18 - (2 - -6) - (215 + -222)
-19
What is -22 + (-32 - -11 - -27) + -20?
-36
What is (-9 - 0) + (4 - (28 + -22)) + 45?
34
27 + 4 + -4 + (24 - -26)
77
What is 6 + (-1 - -3 - -19) + -7?
20
What is 22 + -44 + (44 - 16 - -31)?
37
Calculate -9 - 14 - (-68 - -26).
19
What is the value of -49 - (-16 - (-9 + 11) - -21)?
-52
What is the value of (-10 - -6) + (-15 + -29 - 36)?
-84
What is -6 - (-1 - 0) - (65 - (9 + -6)) - -8?
-59
Evaluate -89 + 17 + 54 - (1 + -127).
108
-7 + 4 - (13 - (-6 + 18 - -5)) - 55
-54
Evaluate (20 - (-3 - 1 - (-6 - 18 - -11))) + -25.
-14
What is (-42 - -36) + 3 - (43 + -2 + 3)?
-47
What is (94 - -125) + -166 - (-1 + (1 - 9))?
62
Calculate 0 - 6 - (-7 - (60 - (-1 + -5 + 18))).
49
Evaluate -4 - (-36 - (2 + (-17 - (4 + 0)))).
13
What is -1 + 0 + -3 + (-35 + -131 - -151)?
-19
What is 73 + 20 + -48 + -9?
36
-44 + (35 - 87) + 36
-60
What is -5 + (11 + (15 - 13) + 36 - -17)?
61
What is 5 - (-70 + -6 + (6 - (6 + 7)) - -6)?
82
Calculate -32 + -20 + (-21 + 20 - -23).
-30
What is the value of 18 - (35 - (7 - -6) - (129 - 11))?
114
What is (-7 - (-18 + 58 - -15)) + 1 + -4 + 11?
-54
What is (-39 - (40 + -54 - (-15 - (-3 + 3)))) + -2?
-42
Calculate 40 + -27 + (-15 - -2) + -32.
-32
-41 + ((1 + 3 - -1) + -19 - -14)
-41
Calculate -53 - (-120 - (-40 + -1)).
26
Calculate (1 - 101) + (-16 - 44 - (84 + -135)).
-109
Evaluate 11 + 41 - 109 - -3.
-54
1 + 8 - (11 + -13) - (16 - (-20 - -41))
16
Evaluate (51 - (98 - -9)) + 47.
-9
Calculate 11 - (5 - (-14 + 41)) - 24.
9
-70 + 5 + -97 + 105
-57
Calculate 31 - 2 - (-12 + -17 - -25).
33
What is (-2 + 2 + 1 - (-51 - -49)) + (-13 - -6)?
-4
Evaluate 106 - (-32 - (-27 - (-10 + 18))) - (-3 + 1).
105
Calculate (17 - 11 - (-10 + 12)) + (4 - 2) + -3.
3
Calculate 116 + -89 + (-3 - 50) - 27.
-53
Evaluate 2 - (5 + -9 + 54 - 12 - 0).
-36
What is the value of (14 - 39 - (28 - 49)) + 19?
15
What is -6 + (-50 + 93 - (-4 + 19))?
22
Evaluate 111 + 37 + 10 + -27 + -44.
87
16 - (3 - (-156 + (58 - 25)))
-110
What is the value of (-1 - 6) + 6 + (19 - 13) + 30?
35
What is (1 - (-2 + 18) - -44) + -15?
14
What is -1 - (26 - (-4 + 17)) - (-5 - -15)?
-24
Evaluate -6 - ((33 - -11) + -98 - (1 - -6) - -4).
51
What is 23 + (36 - 70) + 40?
29
Calculate -3 - (45 - -1 - (-3 + -16 + 16)).
-52
Evaluate -55 - (-177 - (-4 - 61)).
57
What is 125 + -205 - (2 + -27)?
-55
(-24 - -2) + -7 + 26 + 65 + 3 + -2
63
What is the value of -51 - (2 - -18 - ((30 - (0 - -7)) + -12))?
-60
Evaluate 52 + 24 + (-19 - 5) + 21 + -4.
69
Calculate 38 + -40 - (-2 + 2) - (21 - (3 + -5)).
-25
What is -85 - ((5 - ((-11 - -1) + (70 - 59))) + 7)?
-96
Calculate 5 - -1 - (-7 - 74 - -72) - 9.
6
Evaluate (-4 - -60 - (4 + -14 + 12 - -6)) + 11.
59
What is -123 - 4 - ((-24 - -7) + -18)?
-92
7 - ((6 - 12) + 10 + 0) - (62 - 85)
26
Evaluate -152 + -2 + 13 + 8 + (-2 - (-6 - -12)).
-141
What is -29 + (-14 - (-22 - 25)) + 87?
91
Calculate (12 - (-3 + -6) - (-3 - -4 - -10)) + 5.
15
What is (-1362 + 1371 - (-1 + -1)) + (-12 - -1) + -5?
-5
What is (7 - 48) + (-41 + -13 - -154)?
59
Evaluate 103 + (-95 - (-20 + -3)).
31
Calculate (-2 - 0) + -2 + 97 - ((207 - -155) + -359).
90
Evaluate (-7 + -19 + 36 - -23) + -81.
-48
-13 - (54 + -86 - (-41 - -19))
-3
What is the value of (24 - 6 - 16 - (21 - -2)) + (16 - 16)?
-21
What is the value of 8 + 2 + -26 - -32 - (-2 - -47)?
-29
What is 7 + (23 + -20 - 27) + -5 + 73?
51
Calculate -2 + (-34 - 16 - -77).
25
Calculate 6 + 42 + -11 + 37 + -12.
62
-41 - -75 - (3 - -14)
17
(46 - 3 - 68) + -17
-42
Calculate -47 - (-74 + -11 - -87).
-49
-10 - (-7 + 46) - -43
-6
(88 - 0) + (-13 + 18 + -3 - (2 + -7))
95
(-4 - -3 - 15) + 7 + (-53 - (18 - 26))
-54
Evaluate (18 - 54) + (2 - 45).
-79
Evaluate (0 - -38) + (56 + -183 - -116).
27
What is the value of 22 + 1 - (-1146 - -1204 - (0 + 36))?
1
Calculate -52 + -154 + (-24 - -131).
-99
What is the value of 45 + (-17 - -13) - 54?
-13
What is the value of 20 + (41 - 4) - 88?
-31
Calculate -45 + -3 + (11 - 17) + 6.
-48
-18 + -51 + 78 + -14
-5
-45 + -6 - (-1 - -11 - (9 - (-7 - -5)))
-50
What is -1 + -4 + (-20 + (-63 - -8) - (-5 + -1))?
-74
What is 1799 + -1841 + 2 + 137?
97
What is the value of -6 - (260 + -220 + -25 + -1)?
-20
Calculate (2 - (-99 - 0)) + (108 - (60 - -55)).
94
What is -12 - (-25 + (-29 - -5))?
37
What is 33 + (-35 + -4 - 9 - 20)?
-35
82 + (-41 - -18) + 32 - (4 - 8 - -3)
92
What is the value of 0 + -18 + (75 - (33 - -29)) - (-78 + 0)?
73
What is -18 + (18 - ((29 + -13 - 11) + 43))?
-48
Calculate 90 + (6 - (-3 + (-21 - -23))).
97
Evaluate (-4 - -10) + (-32 - 3) + -9 + -8 + 2.
-44
1 + (-24 + 7 - (1 - 12)) - (2 + 9)
-16
Calculate -4 + 7 - 27 - (-7 + 6 + 13).
-36
What is the value of (155 - 173) + (-6 - 1) + 13?
-12
(-62 - -1) + (-1140 - -1222)
21
What is 54 + (52 - 2 - 49)?
55
Calculate (5 - 5) + (-1 - ((20 - 22) + -4)).
5
2 + 39 + -1 - (85 + -77)
32
What is the value of 10 - (-28 + 65) - 0 - (0 + 2)?
-29
What is the value of -11 - -3 - (-43 - -123)?
-88
What is (2037 + -2073 - (-16 - (-2 - 0))) + 0 + -1?
-23
What is the value of (112 - (-88 + 126)) + 12?
86
Evaluate 41 + (23 - (48 - -51)).
-35
What is the value of -150 + (18 + -26 + -4 - -26) + 0 + 15?
-121
-4 + 17 + -9 + -27 + 12 + -2
-13
Calculate -1 + 7 - (-1 + -18 + 22 + (0 - 5)).
8
What is 3016 + -3023 - (2 + -1 - 9)?
1
What is (8 - -10) + -46 + -3?
-31
Calculate (-6 - 182) + 44 + 62.
-82
What is 27 + -14 + -60 - -59?
12
What is 5077 + -4984 - (85 - 1)?
9
-1 + 36 - (-320 - -353) - (-4 + -72)
78
(-7 - (-56 - -29) - -80) + -5
95
What is the value of 226 + -215 - (8 - (3 - 5)) - (-50 + 0)?
51
-7 + 10 - (-381 + 342)
42
What is the value of 23 + (11 + -37 - 31)?
-34
What is the value of (-140 - (0 + -143)) + 1?
4
What is the value of 21 - (17 + -33) - 57?
-20
What is -13 + 0 - (-90 - (2 + -9 + 1))?
71
What is -10 + 0 + -1176 + 1159?
-27
12 - (-2 - (20 + -37 + 39))
36
What is 8 + (0 + 10 + 25 - (-7 + 8 + 8))?
34
(-7 - -14) + 0 + -15 - (-47 + -2)
41
Calculate 4 - (-22 + 23 + 1 + (-6 - (-5 + 5))).
8
Evaluate 0 + 16 + (-941 - -945) + 51.
71
-2 + 0 - (1107 - 1081) - -68
40
Calculate (7 - (24 - -87)) + 31 + -5.
-78
Calculate -21 + -511 + 541 + (2 - 68).
-57
-69 - (-73 + 2 - -40)
-38
Evaluate 20 - (6 + (0 + 13 - 5)).
6
What is 165 + (-44 - (-26 - -17)) + -30?
100
What is (-9 - ((-8 - -5) + -2 - -1)) + (-4 - -68)?
59
What is (-36 + 11 + 8 - -4 - -10) + 5 + -1?
1
-7 - (-54 + 30 - -57)
-40
Calculate (-18 - -17) + 39 + 2 + (2 - -6 - 5).
43
-111 - -100 - 8 - ((2 - 0) + -58)
37
What is the value of -164 + 171 + -165 + 67?
-91
Calculate 89 + (-124 - -49) + 48 - 10.
52
Evaluate -630 - -639 - (6 + -3).
6
What is the value of -11 + (8 - -3) + (-8 - (-16 - (2 - 10)))?
0
Calculate 28 + -22 + -8 + 2 + 31.
31
Evaluate -126 - (-21 - (24 - 16)) - 4.
-101
Evaluate -1 + -4 + -48 + 67.
14
Evaluate -10 + 23 + -23 - (2 - -6 - 30).
12
-1927 - -1912 - (0 - (-1 + 1 + -32))
-47
What is the value of -106 + 6 + 55 + 3 + 0 + -1?
-43
What is -85 + (13 - -15) + 4 + (3 - 3 - 0)?
-53
What is -13 + 43 + (51 - 35)?
46
Evaluate -14 + 23 - (67 + (-11 - -7) + 6) - -1.
-59
Evaluate 